{"id":722,"date":"2016-11-16T12:11:23","date_gmt":"2016-11-16T11:11:23","guid":{"rendered":"http:\/\/www.simra-h2020.eu\/?page_id=722"},"modified":"2020-10-29T16:46:28","modified_gmt":"2020-10-29T15:46:28","slug":"brochure","status":"publish","type":"page","link":"http:\/\/www.simra-h2020.eu\/index.php\/resources\/brochure\/","title":{"rendered":"Brochures"},"content":{"rendered":"<h2 style=\"text-align: center;\"><\/h2>\n<h3 style=\"text-align: center;\"><span style=\"color: #ff9900;\">SIMRA New Brochure<\/span><\/h3>\n<h2 style=\"text-align: center;\"><a href=\"http:\/\/www.simra-h2020.eu\/wp-content\/uploads\/2019\/02\/BROCHURE-EN-compressed.pdf\" target=\"_blank\" rel=\"noopener noreferrer\"><img loading=\"lazy\" class=\"alignleft\" src=\"http:\/\/www.simra-h2020.eu\/wp-content\/uploads\/2018\/11\/New_brochure_EN_compressed-001.jpg\" alt=\"SIMRABrochure\" width=\"200\" height=\"141\" \/><\/a><\/h2>\n<p style=\"text-align: left;\"><a href=\"http:\/\/www.simra-h2020.eu\/wp-content\/uploads\/2019\/02\/BROCHURE-EN-compressed.pdf\"><strong>Brochure ENGLISH<\/strong><\/a><br \/>\nThe SIMRA brochure describes the project and the work being done in the framework of SIMRA.<\/p>\n<h2 style=\"text-align: center;\"><a href=\"http:\/\/www.simra-h2020.eu\/wp-content\/uploads\/2019\/02\/BROCHURE-FRA-compressed.pdf\" target=\"_blank\" rel=\"noopener noreferrer\"><img loading=\"lazy\" class=\"alignleft\" src=\"http:\/\/www.simra-h2020.eu\/wp-content\/uploads\/2018\/11\/New_brochure_EN_compressed-001.jpg\" alt=\"SIMRABrochure\" width=\"200\" height=\"141\" \/><\/a><\/h2>\n<p style=\"text-align: left;\"><a href=\"http:\/\/www.simra-h2020.eu\/wp-content\/uploads\/2019\/02\/BROCHURE-FRA-compressed.pdf\"><strong>Brochure FRAN\u00c7AIS<\/strong><\/a><br \/>\nLa brochure de SIMRA d\u00e9crit le projet ainsi que le travail effectu\u00e9 dans le cadre de ce projet.<\/p>\n<h2 style=\"text-align: center;\"><a href=\"http:\/\/www.simra-h2020.eu\/wp-content\/uploads\/2019\/02\/BROCHURE-ES-compressed.pdf\" target=\"_blank\" rel=\"noopener noreferrer\"><img loading=\"lazy\" class=\"alignleft\" src=\"http:\/\/www.simra-h2020.eu\/wp-content\/uploads\/2018\/11\/New_brochure_EN_compressed-001.jpg\" alt=\"SIMRABrochure\" width=\"200\" height=\"141\" \/><\/a><\/h2>\n<p style=\"text-align: left;\"><a href=\" http:\/\/www.simra-h2020.eu\/wp-content\/uploads\/2019\/02\/BROCHURE-ES-compressed.pdf \"><strong>Brochure CASTELLANO<\/strong><\/a><br \/>\nEste folleto describe el proyecto y el trabajo realizado en el marco de SIMRA.<\/p>\n<h2 style=\"text-align: center;\"><a href=\"http:\/\/www.simra-h2020.eu\/wp-content\/uploads\/2019\/02\/BROCHURE-IT-compressed.pdf\" target=\"_blank\" rel=\"noopener noreferrer\"><img loading=\"lazy\" class=\"alignleft\" src=\"http:\/\/www.simra-h2020.eu\/wp-content\/uploads\/2018\/11\/New_brochure_EN_compressed-001.jpg\" alt=\"SIMRABrochure\" width=\"200\" height=\"141\" \/> <\/a><\/h2>\n<p style=\"text-align: left;\"><a href=\" http:\/\/www.simra-h2020.eu\/wp-content\/uploads\/2019\/02\/BROCHURE-IT-compressed.pdf \"><strong>Brochure ITALIANO <\/strong><\/a><br \/>\nIl depliant SIMRA descrive il progetto e il lavoro svolto nell&#8217;ambito di SIMRA<\/p>\n<h2 style=\"text-align: center;\"><a href=\"http:\/\/www.simra-h2020.eu\/wp-content\/uploads\/2020\/10\/BROCHURE-DE.pdf\" target=\"_blank\" rel=\"noopener noreferrer\"><img loading=\"lazy\" class=\"alignleft\" src=\"http:\/\/www.simra-h2020.eu\/wp-content\/uploads\/2018\/11\/New_brochure_EN_compressed-001.jpg\" alt=\"SIMRABrochure\" width=\"200\" height=\"141\" \/> <\/a><\/h2>\n<p style=\"text-align: left;\"><a href=\"http:\/\/www.simra-h2020.eu\/wp-content\/uploads\/2020\/10\/BROCHURE-DE.pdf\"><strong> Brochure DEUTSCH <\/strong><\/a><br \/>\nDie SIMRA-Brosch\u00fcre beschreibt das Projekt und die Arbeit, die im Rahmen von SIMRA ausgef\u00fchrt wird.<\/p>\n<h2 style=\"text-align: center;\"><a href=\"http:\/\/www.simra-h2020.eu\/wp-content\/uploads\/2019\/02\/BROCHURE-FI-compressed.pdf\" target=\"_blank\" rel=\"noopener noreferrer\"><img loading=\"lazy\" class=\"alignleft\" src=\"http:\/\/www.simra-h2020.eu\/wp-content\/uploads\/2018\/11\/New_brochure_EN_compressed-001.jpg\" alt=\"SIMRABrochure\" width=\"200\" height=\"141\" \/> <\/a><\/h2>\n<p style=\"text-align: left;\"><a href=\" http:\/\/www.simra-h2020.eu\/wp-content\/uploads\/2019\/02\/BROCHURE-FI-compressed.pdf\"><strong> Brochure FINNISH\u00a0<\/strong><\/a><br \/>\nSIMRA-esite kuvaa hanketta ja SIMRA: n puitteissa teht\u00e4v\u00e4\u00e4 ty\u00f6t\u00e4.<\/p>\n<h2 style=\"text-align: center;\"><a href=\"http:\/\/www.simra-h2020.eu\/wp-content\/uploads\/2020\/10\/BROCHURE-EL.pdf\" target=\"_blank\" rel=\"noopener noreferrer\"><img loading=\"lazy\" class=\"alignleft\" src=\"http:\/\/www.simra-h2020.eu\/wp-content\/uploads\/2018\/11\/New_brochure_EN_compressed-001.jpg\" alt=\"SIMRABrochure\" width=\"200\" height=\"141\" \/><\/a><\/h2>\n<p style=\"text-align: left;\"><a href=\"http:\/\/www.simra-h2020.eu\/wp-content\/uploads\/2020\/10\/BROCHURE-EL.pdf\"><strong>Brochure GREEK<\/strong><\/a><br \/>\n\u0391\u03c5\u03c4\u03cc \u03c4\u03bf \u03c6\u03c5\u03bb\u03bb\u03ac\u03b4\u03b9\u03bf \u03c0\u03b5\u03c1\u03b9\u03b3\u03c1\u03ac\u03c6\u03b5\u03b9 \u03c4\u03bf \u03ad\u03c1\u03b3\u03bf \u03ba\u03b1\u03b9 \u03c4\u03b9\u03c2 \u03b5\u03c1\u03b3\u03b1\u03c3\u03af\u03b5\u03c2 \u03c0\u03bf\u03c5 \u03c0\u03c1\u03b1\u03b3\u03bc\u03b1\u03c4\u03bf\u03c0\u03bf\u03b9\u03ae\u03b8\u03b7\u03ba\u03b1\u03bd \u03c3\u03c4\u03bf \u03c0\u03bb\u03b1\u03af\u03c3\u03b9\u03bf \u03c4\u03b7\u03c2 SIMRA.<\/p>\n<h2 style=\"text-align: center;\"><a href=\"http:\/\/www.simra-h2020.eu\/wp-content\/uploads\/2020\/10\/BROCHURE-SK.pdf\" target=\"_blank\" rel=\"noopener noreferrer\"><img loading=\"lazy\" class=\"alignleft\" src=\"http:\/\/www.simra-h2020.eu\/wp-content\/uploads\/2018\/11\/New_brochure_EN_compressed-001.jpg\" alt=\"SIMRABrochure\" width=\"200\" height=\"141\" \/><\/a><\/h2>\n<p style=\"text-align: left;\"><a href=\"http:\/\/www.simra-h2020.eu\/wp-content\/uploads\/2020\/10\/BROCHURE-SK.pdf\"><strong>Brochure SLOVAK<\/strong><\/a><br \/>\nT\u00e1to bro\u017e\u00fara popisuje projekt a pr\u00e1cu vykonan\u00fa v r\u00e1mci programu SIMRA<\/p>\n<h2 style=\"text-align: center;\"><a href=\"http:\/\/www.simra-h2020.eu\/wp-content\/uploads\/2020\/10\/BROCHURE-CS.pdf\" target=\"_blank\" rel=\"noopener noreferrer\"><img loading=\"lazy\" class=\"alignleft\" src=\"http:\/\/www.simra-h2020.eu\/wp-content\/uploads\/2018\/11\/New_brochure_EN_compressed-001.jpg\" alt=\"SIMRABrochure\" width=\"200\" height=\"141\" \/> <\/a><\/h2>\n<p style=\"text-align: left;\"><a href=\"http:\/\/www.simra-h2020.eu\/wp-content\/uploads\/2020\/10\/BROCHURE-CS.pdf\"><strong> Brochure CZECH\u00a0<\/strong><\/a><br \/>\nTato bro\u017eura popisuje projekt a pr\u00e1ce prov\u00e1d\u011bn\u00e9 v r\u00e1mci programu SIMRA<\/p>\n<h2 style=\"text-align: center;\"><a href=\"http:\/\/www.simra-h2020.eu\/wp-content\/uploads\/2020\/10\/TRIPTICO-NO.pdf\" target=\"_blank\" rel=\"noopener noreferrer\"><img loading=\"lazy\" class=\"alignleft\" src=\"http:\/\/www.simra-h2020.eu\/wp-content\/uploads\/2018\/11\/New_brochure_EN_compressed-001.jpg\" alt=\"SIMRABrochure\" width=\"200\" height=\"141\" \/> <\/a><\/h2>\n<p style=\"text-align: left;\"><a href=\"http:\/\/www.simra-h2020.eu\/wp-content\/uploads\/2020\/10\/TRIPTICO-NO.pdf\"><strong> Brochure <b class=\"b5\">NORWEGIAN<\/b>\u00a0<\/strong><\/a><br \/>\nDenne brosjyren beskriver prosjektet og arbeidet som er utf\u00f8rt innenfor rammen av SIMRA.<\/p>\n<h2 style=\"text-align: center;\"><a href=\"http:\/\/www.simra-h2020.eu\/wp-content\/uploads\/2020\/10\/BROCHURE-CA.pdf\" target=\"_blank\" rel=\"noopener noreferrer\"><img loading=\"lazy\" class=\"alignleft\" src=\"http:\/\/www.simra-h2020.eu\/wp-content\/uploads\/2018\/11\/New_brochure_EN_compressed-001.jpg\" alt=\"SIMRABrochure\" width=\"200\" height=\"141\" \/> <\/a><\/h2>\n<p style=\"text-align: left;\"><a href=\"http:\/\/www.simra-h2020.eu\/wp-content\/uploads\/2020\/10\/BROCHURE-CA.pdf\"><strong>Brochure CATAL\u00c1<\/strong><\/a><br \/>\nAquest fullet descriu el projecte i el treball realitzat en el marc de SIMRA.<\/p>\n<h2 style=\"text-align: center;\"><\/h2>\n<h3><\/h3>\n<h3><\/h3>\n<h3 style=\"text-align: center;\"><span style=\"color: #ff9900;\">SIMRA Old Brochure<\/span><\/h3>\n<h2 style=\"text-align: center;\"><a href=\"http:\/\/www.simra-h2020.eu\/wp-content\/uploads\/2016\/08\/SIMRA-brochure.pdf\" target=\"_blank\" rel=\"noopener noreferrer\"><img loading=\"lazy\" class=\"alignleft\" src=\"http:\/\/www.simra-h2020.eu\/wp-content\/uploads\/2016\/08\/SIMRABrochure.jpg\" alt=\"SIMRABrochure\" width=\"200\" height=\"141\" \/><\/a><\/h2>\n<p style=\"text-align: left;\"><a href=\" http:\/\/www.simra-h2020.eu\/wp-content\/uploads\/2016\/08\/SIMRA-brochure.pdf \"><strong> Brochure ENG <\/strong><\/a><br \/>\nThe SIMRA brochure describes the project aims, objectives and expected impacts. The leaflet is available online in English and in other languages.<\/p>\n<h2 style=\"text-align: center;\"><a href=\"http:\/\/www.simra-h2020.eu\/wp-content\/uploads\/2016\/09\/SIMRA-ES.pdf\" target=\"_blank\" rel=\"noopener noreferrer\"><img loading=\"lazy\" class=\"alignleft\" src=\"http:\/\/www.simra-h2020.eu\/wp-content\/uploads\/2016\/08\/SIMRABrochure.jpg\" alt=\"SIMRABrochure\" width=\"200\" height=\"141\" \/><\/a><\/h2>\n<p style=\"text-align: left;\"><a href=\"http:\/\/www.simra-h2020.eu\/wp-content\/uploads\/2016\/09\/SIMRA-ES.pdf \"><strong> Folleto ES <\/strong><\/a><br \/>\nEl folleto divulgativo de SIMRA describe los objetivos del proyecto y el impacto esperado. Este documento est\u00e1 disponible en espa\u00f1ol y en otros idiomas.<\/p>\n<h2 style=\"text-align: center;\"><a href=\"http:\/\/www.simra-h2020.eu\/wp-content\/uploads\/2016\/09\/SIMRA-GR.pdf\" target=\"_blank\" rel=\"noopener noreferrer\"><img loading=\"lazy\" class=\"alignleft\" src=\"http:\/\/www.simra-h2020.eu\/wp-content\/uploads\/2016\/08\/SIMRABrochure.jpg\" alt=\"SIMRABrochure\" width=\"200\" height=\"141\" \/><\/a><\/h2>\n<p style=\"text-align: left;\"><a href=\"http:\/\/www.simra-h2020.eu\/wp-content\/uploads\/2016\/09\/SIMRA-GR.pdf \"><strong> Brochure GR <\/strong><\/a><br \/>\n\u03a4\u03bf \u03b4\u03b9\u03b1\u03c6\u03b7\u03bc\u03b9\u03c3\u03c4\u03b9\u03ba\u03cc \u03c6\u03c5\u03bb\u03bb\u03ac\u03b4\u03b9\u03bf \u03c4\u03bf\u03c5 SIMRA \u03c0\u03b5\u03c1\u03b9\u03b3\u03c1\u03ac\u03c6\u03b5\u03b9 \u03c4\u03bf\u03c5\u03c2 \u03c3\u03ba\u03bf\u03c0\u03bf\u03cd\u03c2, \u03c4\u03bf\u03c5\u03c2 \u03c3\u03c4\u03cc\u03c7\u03bf\u03c5\u03c2 \u03ba\u03b1\u03b9 \u03c4\u03b9\u03c2 \u03b1\u03bd\u03b1\u03bc\u03b5\u03bd\u03cc\u03bc\u03b5\u03bd\u03b5\u03c2 \u03b5\u03c0\u03b9\u03c0\u03c4\u03ce\u03c3\u03b5\u03b9\u03c2 \u03c4\u03bf\u03c5 \u03ad\u03c1\u03b3\u03bf\u03c5. \u03a4\u03bf \u03c6\u03c5\u03bb\u03bb\u03ac\u03b4\u03b9\u03bf \u03b5\u03af\u03bd\u03b1\u03b9 \u03b4\u03b9\u03b1\u03b8\u03ad\u03c3\u03b9\u03bc\u03bf \u03c3\u03c4\u03bf \u03b4\u03b9\u03b1\u03b4\u03af\u03ba\u03c4\u03c5\u03bf \u03c3\u03c4\u03b1 \u03b5\u03bb\u03bb\u03b7\u03bd\u03b9\u03ba\u03ac \u03ba\u03b1\u03b8\u03ce\u03c2 \u03ba\u03b1\u03b9 \u03c3\u03b5 \u03ac\u03bb\u03bb\u03b5\u03c2 \u03b3\u03bb\u03ce\u03c3\u03c3\u03b5\u03c2.<\/p>\n<h2 style=\"text-align: center;\"><a href=\"http:\/\/www.simra-h2020.eu\/wp-content\/uploads\/2016\/09\/SIMRA-IT.pdf\" target=\"_blank\" rel=\"noopener noreferrer\"><img loading=\"lazy\" class=\"alignleft\" src=\"http:\/\/www.simra-h2020.eu\/wp-content\/uploads\/2016\/08\/SIMRABrochure.jpg\" alt=\"SIMRABrochure\" width=\"200\" height=\"141\" \/><\/a><\/h2>\n<p style=\"text-align: left;\"><a href=\"http:\/\/www.simra-h2020.eu\/wp-content\/uploads\/2016\/09\/SIMRA-IT.pdf \"><strong> Brochure IT <\/strong><\/a><br \/>\nIl depliant SIMRA descrive gli scopi, gli obiettivi e gli impatti attesi del progetto. Il depliant \u00e8 disponibile online in italiano e in altre lingue.<\/p>\n<h2 style=\"text-align: center;\"><a href=\"http:\/\/www.simra-h2020.eu\/wp-content\/uploads\/2016\/09\/SIMRA-FR.pdf\" target=\"_blank\" rel=\"noopener noreferrer\"><img loading=\"lazy\" class=\"alignleft\" src=\"http:\/\/www.simra-h2020.eu\/wp-content\/uploads\/2016\/08\/SIMRABrochure.jpg\" alt=\"SIMRABrochure\" width=\"200\" height=\"141\" \/><\/a><\/h2>\n<p style=\"text-align: left;\"><a href=\"http:\/\/www.simra-h2020.eu\/wp-content\/uploads\/2016\/09\/SIMRA-FR.pdf \"><strong> Brochure FR <\/strong><\/a><br \/>\nLa brochure de SIMRA d\u00e9crit les finalit\u00e9s, objectifs et impacts escompt\u00e9s du projet. Cette brochure est disponible en ligne en fran\u00e7ais, et le sera bient\u00f4t dans d\u2019autres langues des pays appartenant au Consortium SIMRA.<\/p>\n<h2 style=\"text-align: center;\"><a href=\"http:\/\/www.simra-h2020.eu\/wp-content\/uploads\/2016\/09\/SIMRA-arab.pdf\" target=\"_blank\" rel=\"noopener noreferrer\"><img loading=\"lazy\" class=\"alignleft\" src=\"http:\/\/www.simra-h2020.eu\/wp-content\/uploads\/2016\/08\/SIMRABrochure.jpg\" alt=\"SIMRABrochure\" width=\"200\" height=\"141\" \/><\/a><\/h2>\n<p style=\"text-align: left;\"><a href=\"http:\/\/www.simra-h2020.eu\/wp-content\/uploads\/2016\/09\/SIMRA-arab.pdf \"><strong> Brochure ARAB <\/strong><\/a><br \/>\nThe SIMRA brochure describes the project aims, objectives and expected impacts. The leaflet is available online in Arab and in other languages.<\/p>\n<h2 style=\"text-align: center;\"><a href=\"http:\/\/www.simra-h2020.eu\/wp-content\/uploads\/2016\/09\/SIMRA-DEUTSCH.pdf\" target=\"_blank\" rel=\"noopener noreferrer\"><img loading=\"lazy\" class=\"alignleft\" src=\"http:\/\/www.simra-h2020.eu\/wp-content\/uploads\/2016\/08\/SIMRABrochure.jpg\" alt=\"SIMRABrochure\" width=\"200\" height=\"141\" \/><\/a><\/h2>\n<p style=\"text-align: left;\"><a href=\" http:\/\/www.simra-h2020.eu\/wp-content\/uploads\/2016\/09\/SIMRA-DEUTSCH.pdf\"><strong> Brochure GR <\/strong><\/a><br \/>\nDie SIMRA Brosch\u00fcre beschreibt die Projektziele und erwarteten Ergebnisse. Die Brosch\u00fcre ist auf deutsch und in mehreren Sprachen erh\u00e4ltlich.<\/p>\n<h2 style=\"text-align: center;\"><a href=\"http:\/\/www.simra-h2020.eu\/wp-content\/uploads\/2016\/09\/SIMRA-NO.pdf\" target=\"_blank\" rel=\"noopener noreferrer\"><img loading=\"lazy\" class=\"alignleft\" src=\"http:\/\/www.simra-h2020.eu\/wp-content\/uploads\/2016\/08\/SIMRABrochure.jpg\" alt=\"SIMRABrochure\" width=\"200\" height=\"141\" \/><\/a><\/h2>\n<p style=\"text-align: left;\"><a href=\"http:\/\/www.simra-h2020.eu\/wp-content\/uploads\/2016\/09\/SIMRA-NO.pdf\"><strong> Brochure NO <\/strong><\/a><br \/>\nSIMRA-brosjyren beskriver prosjektm\u00e5l og forventede resultater. Brosjyren er tilgjengelig p\u00e5 nettet og kan lastes ned p\u00e5 norsk og andre spr\u00e5k.<\/p>\n<h2 style=\"text-align: center;\"><a href=\"http:\/\/www.simra-h2020.eu\/wp-content\/uploads\/2016\/09\/SIMRA-FI.pdf\" target=\"_blank\" rel=\"noopener noreferrer\"><img loading=\"lazy\" class=\"alignleft\" src=\"http:\/\/www.simra-h2020.eu\/wp-content\/uploads\/2016\/08\/SIMRABrochure.jpg\" alt=\"SIMRABrochure\" width=\"200\" height=\"141\" \/><\/a><\/h2>\n<p style=\"text-align: left;\"><a href=\"http:\/\/www.simra-h2020.eu\/wp-content\/uploads\/2016\/09\/SIMRA-FI.pdf \"><strong> Esite FI <\/strong><\/a><br \/>\nSIMRA esite kuvaa projektin tavoitteet, tutkimuskysymykset ja odotetut vaikutukset. Esite on saatavissa www muodossa Suomeksi ja my\u00f6s muilla kielill\u00e4he.<\/p>\n<h2 style=\"text-align: center;\"><a href=\"http:\/\/www.simra-h2020.eu\/wp-content\/uploads\/2016\/11\/Brochure-Slovak.pdf\" target=\"_blank\" rel=\"noopener noreferrer\"><img loading=\"lazy\" class=\"alignleft\" src=\"http:\/\/www.simra-h2020.eu\/wp-content\/uploads\/2016\/08\/SIMRABrochure.jpg\" alt=\"SIMRABrochure\" width=\"200\" height=\"141\" \/><\/a><\/h2>\n<p style=\"text-align: left;\"><a href=\" http:\/\/www.simra-h2020.eu\/wp-content\/uploads\/2016\/11\/Brochure-Slovak.pdf \"><strong> Brochure Slovak <\/strong><\/a><br \/>\nBro\u017e\u00fara projektu SIMRA opisuje jeho ciele a o\u010dak\u00e1van\u00e9 dopady. Bro\u017e\u00fara je k dispoz\u00edcii online v sloven\u010dine a in\u00fdch jazykoch.<\/p>\n<h2 style=\"text-align: center;\"><a href=\"http:\/\/www.simra-h2020.eu\/wp-content\/uploads\/2016\/11\/Brochure-Czech.pdf\" target=\"_blank\" rel=\"noopener noreferrer\"><img loading=\"lazy\" class=\"alignleft\" src=\"http:\/\/www.simra-h2020.eu\/wp-content\/uploads\/2016\/08\/SIMRABrochure.jpg\" alt=\"SIMRABrochure\" width=\"200\" height=\"141\" \/><\/a><\/h2>\n<p style=\"text-align: left;\"><a href=\" http:\/\/www.simra-h2020.eu\/wp-content\/uploads\/2016\/11\/Brochure-Czech.pdf \"><strong> Brochure Czech <\/strong><\/a><br \/>\nBro\u017eura projektu SIMRA popisuje jeho c\u00edle a o\u010dek\u00e1van\u00e9 dopady. Bro\u017eura je k dispozici online v \u010de\u0161tin\u011b i v jin\u00fdch jazyc\u00edch.<\/p>\n<h2 style=\"text-align: center;\"><a href=\"http:\/\/www.simra-h2020.eu\/wp-content\/uploads\/2016\/11\/SIMRA-HOLANDES.pdf\" target=\"_blank\" rel=\"noopener noreferrer\"><img loading=\"lazy\" class=\"alignleft\" src=\"http:\/\/www.simra-h2020.eu\/wp-content\/uploads\/2016\/08\/SIMRABrochure.jpg\" alt=\"SIMRABrochure\" width=\"200\" height=\"141\" \/><\/a><\/h2>\n<p style=\"text-align: left;\"><a href=\"http:\/\/www.simra-h2020.eu\/wp-content\/uploads\/2016\/11\/SIMRA-HOLANDES.pdf\"><strong> Brochure Dutch <\/strong><\/a><br \/>\nThe SIMRA brochure describes the project aims, objectives and expected impacts. The leaflet is available online in Dutch and in other languages.<\/p>\n<h2 style=\"text-align: center;\"><a href=\"http:\/\/www.simra-h2020.eu\/wp-content\/uploads\/2016\/11\/SIMRA-HOLANDES.pdf\" target=\"_blank\" rel=\"noopener noreferrer\"><img loading=\"lazy\" class=\"alignleft\" src=\"http:\/\/www.simra-h2020.eu\/wp-content\/uploads\/2016\/08\/SIMRABrochure.jpg\" alt=\"SIMRABrochure\" width=\"200\" height=\"141\" \/><\/a><\/h2>\n<p style=\"text-align: left;\"><a href=\" http:\/\/www.simra-h2020.eu\/wp-content\/uploads\/2016\/11\/Brochure-Catalan_low.pdf \"><strong> Folleto Catal\u00e1 <\/strong><\/a><br \/>\nEl folleto divulgativo de SIMRA describe los objetivos del proyecto y el impacto esperado. Este documento est\u00e1 disponible en catal\u00e1n y en otros idiomas.<\/p>\n","protected":false},"excerpt":{"rendered":"<p>SIMRA New Brochure Brochure ENGLISH The SIMRA brochure describes the project and the work being done in the framework of SIMRA. Brochure FRAN\u00c7AIS La brochure de SIMRA d\u00e9crit le projet ainsi que le travail effectu\u00e9 dans le cadre de ce projet. Brochure CASTELLANO Este folleto describe el proyecto y el trabajo realizado en el marco&hellip;<\/p>\n","protected":false},"author":1,"featured_media":0,"parent":27,"menu_order":0,"comment_status":"closed","ping_status":"closed","template":"","meta":[],"_links":{"self":[{"href":"http:\/\/www.simra-h2020.eu\/index.php\/wp-json\/wp\/v2\/pages\/722"}],"collection":[{"href":"http:\/\/www.simra-h2020.eu\/index.php\/wp-json\/wp\/v2\/pages"}],"about":[{"href":"http:\/\/www.simra-h2020.eu\/index.php\/wp-json\/wp\/v2\/types\/page"}],"author":[{"embeddable":true,"href":"http:\/\/www.simra-h2020.eu\/index.php\/wp-json\/wp\/v2\/users\/1"}],"replies":[{"embeddable":true,"href":"http:\/\/www.simra-h2020.eu\/index.php\/wp-json\/wp\/v2\/comments?post=722"}],"version-history":[{"count":35,"href":"http:\/\/www.simra-h2020.eu\/index.php\/wp-json\/wp\/v2\/pages\/722\/revisions"}],"predecessor-version":[{"id":4084,"href":"http:\/\/www.simra-h2020.eu\/index.php\/wp-json\/wp\/v2\/pages\/722\/revisions\/4084"}],"up":[{"embeddable":true,"href":"http:\/\/www.simra-h2020.eu\/index.php\/wp-json\/wp\/v2\/pages\/27"}],"wp:attachment":[{"href":"http:\/\/www.simra-h2020.eu\/index.php\/wp-json\/wp\/v2\/media?parent=722"}],"curies":[{"name":"wp","href":"https:\/\/api.w.org\/{rel}","templated":true}]}}